
1510
What is the greatest common factor of 11879 and 217?
7
What is the highest common factor of 120350 and 58?
58
What is the greatest common divisor of 70 and 9856?
14
What is the highest common factor of 101740 and 2980?
20
Calculate the highest common divisor of 230080 and 2157.
719
Calculate the greatest common divisor of 2123 and 161541.
193
What is the greatest common factor of 46 and 169556?
46
Calculate the highest common divisor of 125948 and 138.
46
Calculate the greatest common factor of 184 and 11183336.
184
Calculate the highest common factor of 585 and 75555.
45
What is the greatest common divisor of 281320 and 520?
520
Calculate the highest common factor of 888437 and 22.
11
What is the greatest common factor of 2882 and 686?
2
Calculate the greatest common divisor of 27285 and 2889.
321
Calculate the greatest common factor of 245 and 2009.
49
Calculate the greatest common divisor of 496944 and 16.
16
Calculate the highest common factor of 157149 and 171.
171
Calculate the greatest common factor of 276 and 1572510.
138
What is the greatest common divisor of 42 and 20132?
14
Calculate the highest common factor of 5191 and 58.
29
What is the greatest common factor of 1170 and 139230?
1170
Calculate the highest common factor of 14605 and 16256.
127
What is the greatest common divisor of 23433 and 1498?
107
What is the highest common divisor of 413 and 33689?
59
Calculate the greatest common divisor of 8624 and 63392.
112
What is the greatest common factor of 4880 and 566690?
610
What is the highest common factor of 105240 and 1920?
120
What is the greatest common divisor of 360914 and 2172?
362
Calculate the highest common factor of 18900 and 1000.
100
What is the greatest common divisor of 212 and 4206?
2
What is the greatest common factor of 111 and 2631?
3
Calculate the greatest common factor of 1345775 and 25.
25
Calculate the greatest common factor of 1066 and 6642.
82
Calculate the highest common factor of 5720 and 901160.
520
Calculate the greatest common factor of 6487 and 13.
13
Calculate the highest common divisor of 2410 and 30.
10
Calculate the highest common divisor of 779 and 12160.
19
Calculate the greatest common divisor of 180 and 303735.
15
Calculate the highest common factor of 25652 and 7632.
212
Calculate the greatest common factor of 145 and 319.
29
Calculate the highest common divisor of 2502 and 6394.
278
What is the highest common divisor of 572 and 117403?
143
What is the greatest common factor of 2360 and 4930?
10
Calculate the greatest common divisor of 47995 and 9570.
145
Calculate the highest common divisor of 832 and 2200.
8
What is the greatest common divisor of 5844 and 91812?
12
Calculate the highest common factor of 118 and 215881.
59
What is the highest common divisor of 456 and 483816?
456
What is the greatest common factor of 90 and 114606?
18
What is the highest common factor of 186 and 1530?
6
Calculate the greatest common divisor of 224 and 458024.
56
Calculate the greatest common divisor of 197 and 155039.
197
What is the highest common divisor of 11 and 2741?
1
Calculate the greatest common factor of 30 and 7430.
10
What is the highest common factor of 5629 and 416?
13
Calculate the greatest common divisor of 165 and 5555.
55
Calculate the highest common divisor of 450840 and 5100.
1020
Calculate the greatest common divisor of 1656 and 6486.
138
Calculate the greatest common factor of 230 and 11822.
46
What is the highest common divisor of 227 and 97837?
227
Calculate the greatest common factor of 108 and 393282.
54
Calculate the highest common divisor of 818 and 680167.
409
Calculate the highest common divisor of 94315 and 13.
13
What is the greatest common factor of 29430 and 33681?
327
What is the greatest common factor of 151524 and 3233?
61
What is the greatest common factor of 696 and 9657?
87
Calculate the highest common divisor of 779 and 2584.
19
Calculate the highest common factor of 1260 and 62020.
140
Calculate the greatest common divisor of 6282437 and 49.
49
What is the greatest common factor of 17448 and 72?
24
Calculate the greatest common divisor of 4427 and 61046.
233
Calculate the highest common divisor of 10575 and 1269.
423
Calculate the highest common divisor of 1348340 and 840.
140
Calculate the highest common factor of 36 and 77076.
36
What is the highest common factor of 1336 and 13527?
167
What is the highest common divisor of 5068 and 686?
14
Calculate the greatest common factor of 3942 and 144.
18
Calculate the highest common divisor of 763266 and 714.
714
What is the highest common divisor of 4419 and 36?
9
What is the highest common divisor of 680 and 31416?
136
Calculate the greatest common divisor of 114 and 39634.
38
What is the highest common factor of 1180 and 700?
20
What is the greatest common divisor of 78506 and 34?
34
What is the highest common factor of 34 and 15793?
17
Calculate the highest common factor of 211625 and 625.
125
Calculate the highest common factor of 7930 and 113750.
130
What is the highest common divisor of 2580 and 1462?
86
Calculate the highest common divisor of 531093 and 1611.
537
Calculate the highest common divisor of 2362592 and 32.
32
Calculate the greatest common factor of 8990 and 465.
155
What is the highest common factor of 19616 and 48?
16
Calculate the greatest common divisor of 28404 and 108.
108
Calculate the greatest common divisor of 14 and 2954.
14
Calculate the highest common divisor of 3484277 and 38.
19
Calculate the greatest common factor of 23008 and 864.
32
What is the highest common divisor of 8 and 475096?
8
Calculate the highest common divisor of 1243861 and 43.
43
What is the highest common factor of 5073 and 209?
19
What is the highest common factor of 2222021 and 785?
157
What is the greatest common factor of 3462 and 30?
6
Calculate the greatest common divisor of 3 and 399723.
3
What is the highest common factor of 804 and 2831286?
402
Calculate the greatest common factor of 8 and 31592.
8
What is the highest common factor of 8 and 1481520?
8
What is the highest common factor of 63759 and 6731?
53
Calculate the greatest common divisor of 55320 and 130.
10
What is the greatest common factor of 505115 and 195?
65
What is the greatest common divisor of 8213 and 1247?
43
What is the highest common divisor of 65 and 369070?
65
Calculate the highest common factor of 65 and 9851465.
65
What is the greatest common divisor of 3480 and 3045?
435
What is the greatest common divisor of 4536 and 630?
126
Calculate the highest common factor of 1276240 and 301.
301
Calculate the greatest common factor of 10984298 and 78.
26
Calculate the greatest common divisor of 3144 and 264.
24
Calculate the greatest common factor of 454766 and 130.
26
What is the greatest common factor of 783 and 12093?
87
Calculate the highest common divisor of 148 and 2921298.
74
Calculate the highest common factor of 1584067 and 58.
29
Calculate the highest common factor of 26722 and 18786.
62
What is the greatest common divisor of 521202 and 110?
22
Calculate the highest common divisor of 1065 and 34506.
213
Calculate the greatest common divisor of 55958 and 8565.
571
Calculate the highest common divisor of 28504 and 392.
56
Calculate the greatest common divisor of 46 and 4807.
23
Calculate the highest common divisor of 64710 and 36.
18
Calculate the highest common divisor of 109 and 133.
1
Calculate the greatest common divisor of 150 and 154.
2
What is the highest common divisor of 2680811 and 92?
23
What is the greatest common factor of 7 and 142716?
7
Calculate the greatest common factor of 8964 and 132.
12
Calculate the greatest common factor of 17248 and 847.
77
Calculate the greatest common divisor of 41 and 23411.
41
What is the greatest common divisor of 6579 and 359136?
387
Calculate the highest common factor of 312 and 3016.
104
Calculate the highest common divisor of 3200 and 13100.
100
What is the highest common factor of 7870 and 5?
5
Calculate the highest common factor of 94 and 214.
2
Calculate the highest common divisor of 27 and 4689.
9
Calculate the highest common divisor of 8515 and 22880.
65
What is the highest common divisor of 3893 and 32289?
229
What is the highest common factor of 1632 and 24582?
102
Calculate 